6 and h?
18
Let z(v) = v**3 - v**2 - v - 15. Let j be z(6). Let u = j - 54. What is the highest common divisor of 42 and u?
21
Let o be (-91 + -80)*((-2)/(-6))/(-1). Calculate the greatest common factor of 513 and o.
57
Let x be ((-14)/(-4))/((-242)/244 - -1). What is the greatest common factor of 7 and x?
7
Let w be (-73)/(-4) + (-9)/(-12). Let b(t) = -w*t**3 - 1 + 1 - 26*t**3. Let j be b(-1). Calculate the greatest common divisor of 5 and j.
5
Let l be (-6 - -13 - -5)*82. Calculate the highest common factor of 48 and l.
24
Let l be 17637/12 - (-1 - (-6)/8). Suppose 0 = 16*z - 6*z - l. Calculate the highest common divisor of z and 21.
21
Let u be 2/(-11) - (-2770)/110. Calculate the highest common divisor of 625 and u.
25
Suppose -3471 = -36*m + 4089. Calculate the greatest common factor of 42 and m.
42
Suppose -417*z - 1005 = -420*z. What is the highest common divisor of 67 and z?
67
Let a(q) = -3*q + 59. Let l be a(15). Calculate the greatest common factor of 182 and l.
14
Suppose 20 = 4*b - 12. Let r(j) = -j**3 + 12*j**2 + 4*j + 2. Let m be r(12). Let a = m + -42. What is the greatest common divisor of a and b?
8
Let m(x) = 9*x**3 + 3*x**2 + 3*x - 10. Let d be m(2). What is the greatest common factor of d and 16?
16
Let y(z) = -2*z**2 - 6*z + 97. Let d be y(5). What is the highest common divisor of d and 8?
1
Let l be -7 + (-6)/(42/(-2317)). What is the highest common factor of 36 and l?
36
Let k be ((-3)/9)/((-1)/(-27)). Let a(s) = s**2 + 11*s + 13. Let o be a(k). Let m be o/(5/3) - -20. Calculate the greatest common factor of m and 119.
17
Let x = 43 - 19. Let y = 2918 + -2702. What is the greatest common divisor of y and x?
24
Suppose -45 = -p - 15. Let q = p + -20. Calculate the highest common divisor of 2 and q.
2
Suppose -5*s + 3*s + 2 = 4*x, -26 = -2*s + 2*x. Suppose -64 + s = -5*y. Suppose -l + 50 = -71. What is the greatest common factor of l and y?
11
Suppose -r + 1 = -4. Suppose 3*h = r*b - 31, -h - 4*b + b = -13. Let m be (-1 - h)/((-1)/(-54)). What is the highest common factor of 18 and m?
18
Let c = 781 - 775. Calculate the greatest common factor of 39 and c.
3
Let j(f) = f**2 - 14*f + 20. Let i(z) = -z**3 - 3*z**2 + 8*z + 5. Let v be i(-5). Let p be j(v). Calculate the highest common factor of 5 and p.
5
Let i(l) = 6*l**2 - 5*l + 4. Let m be i(1). Suppose -4*g + 4 + 8 = -3*n, m*g + 4*n - 46 = 0. Calculate the highest common divisor of g and 30.
6
Let w = 44 + -28. Suppose 3*h = -4*q - h + 4, 4*q - 3*h = 32. Suppose -2*f = q*o - 23, -2*f + o + 77 = f. What is the greatest common factor of w and f?
8
Suppose 0*d = d - 2*r, 5*d - 4*r = 0. Let t = d - -5. Let u be 354/10 - 4/10. What is the highest common factor of t and u?
5
Let s be 20/6 - (-3)/(-9). Suppose 4507 = s*d + 1420. Suppose 0 = 5*q - 2*k - d, -2*q + 0*k = 3*k - 423. What is the greatest common factor of 23 and q?
23
Suppose 6*c - 408 - 168 = 0. What is the highest common divisor of 48 and c?
48
Suppose -7*n = -33 - 12 - 11. Let u(c) = 2*c**3 - 5*c**2 - 3*c - 4. Let i be u(4). What is the greatest common factor of i and n?
8
Let y(u) = 2*u**3 + 6*u**2 - 26*u + 2. Let n be y(3). Calculate the highest common divisor of n and 136.
8
Let x = 1491 + -1459. What is the greatest common factor of x and 3?
1
Let j(r) = r**2 - r + 112. Let s be j(0). Let a be (-1)/(-4) - (-110)/8. Calculate the highest common divisor of s and a.
14
Let p be 40/3*(0 + (-528)/(-20)). What is the greatest common factor of 22 and p?
22
Let c(i) = 3*i + 27. Let t be c(-10). Let y be 3/(-2)*2/t. Let u be -2 + (11 - 2/2). What is the highest common factor of u and y?
1
Suppose 0*k = k. Suppose a - 5*d - 106 = k, d + 349 = 5*a - 109. Suppose -4*i = x - 49, a = 2*x + x - 2*i. Calculate the highest common divisor of x and 22.
11
Suppose -2*l + 46 = -482. What is the highest common divisor of l and 99?
33
Let z = 83 + -49. Calculate the greatest common divisor of z and 204.
34
Suppose 3*t + 5*w + 1 = 9, 2*t = 3*w + 18. Let y = t + -2. Suppose 2*z - 5*z + 59 = s, -3*s + 77 = y*z. What is the highest common divisor of z and 50?
10
Suppose 3*h = 5*d + 72, -2*d = h + h + 32. Let n be d + 22 + -1 + 4. Calculate the greatest common factor of n and 2.
2
Suppose 17 + 43 = 5*q. What is the greatest common factor of q and 126?
6
Let u be (-21 - 42)*8/(-6). Calculate the highest common factor of 196 and u.
28
Let v(k) = 3*k + 371. Let h be v(14). What is the greatest common factor of h and 7?
7
Suppose 1603 = -32*v + 6563. What is the greatest common divisor of 30 and v?
5
Let c(o) = -22*o - 5. Suppose -5*j + 3*w = -30 - 1, -5*j + w + 37 = 0. Let i = -10 + j. Let z be c(i). Calculate the greatest common divisor of z and 13.
13
Let f = -4555 + 2905. Let o be (2/(-5))/(10/f). Suppose -2*m + 6*m = -b + 32, b - 4*m - 56 = 0. What is the highest common factor of o and b?
22
Let c(j) = -j - 11. Let z be (-8)/1*187/68. Let d be c(z). What is the highest common divisor of d and 22?
11
Let r(h) be the second derivative of -h**3/6 - h**2/2 - h. Let w be r(-4). Let u = -7 + 31. Calculate the highest common factor of u and w.
3
Let w be ((3 - 3)/3)/2. Suppose 5*j - 140 = -w*o - 4*o, -4*j = o - 101. What is the highest common factor of j and 36?
12
Let q = -24 - -25. Let a = 59 + q. Let r be (32/10)/((-2)/(-15)). Calculate the greatest common divisor of r and a.
12
Let t(d) = -2*d**3 - 2*d**2 - 5*d + 35. Let u be t(0). Calculate the greatest common factor of 35 and u.
35
Let m(n) = 12*n**2 - 1. Let k be m(1). Suppose -5*z + 330 = -10*z. Let f be (2/2)/((-3)/z). Calculate the highest common factor of f and k.
11
Suppose 0 = 4*b - 2*i - 388, -3*i + 385 = -13*b + 1653. Let a be 35/(-2)*12/(-15). What is the greatest common divisor of a and b?
14
Let m = -190 + 186. Let d(n) = -n**2 + 11. Let r be d(0). Let j = m + r. What is the highest common factor of 21 and j?
7
Let h be -6 + 187 + -2 + -1. What is the greatest common divisor of h and 445?
89
Let b be 152 - (3 - (9 + -2)) - 0. Let s = -26 + 78. What is the highest common divisor of b and s?
52
Let t(s) = 5*s - 33. Let n be t(11). What is the highest common factor of 6 and n?
2
Suppose 3*r - 288 = -13*r. Calculate the highest common factor of 882 and r.
18
Let t(m) = -9*m**2 - 2*m - 4. Let c be t(-2). Let s = -6 - c. Calculate the highest common factor of 10 and s.
10
Let y = 6 + 14. Let g = y + -15. Suppose 190 = 4*w - 2*t, 0 = -3*w + g*t - 0*t + 125. What is the highest common divisor of 20 and w?
10
Suppose -27*y = -44*y + 442. Calculate the greatest common divisor of y and 650.
26
Let f = -73 - -102. Let w = f + -19. Calculate the highest common divisor of w and 10.
10
Let d(c) = -c**3 - 4*c**2 + c + 4. Let v be d(-4). Suppose n - 1 - 41 = v. What is the highest common divisor of n and 21?
21
Let k(m) = 204*m**2 - 2*m - 1. Let u be k(-1). Let h(r) = -17*r + 354. Let d be h(16). Calculate the highest common divisor of d and u.
41
Suppose 174 = -2*k + 3*i, 4*i - 9*i - 242 = 3*k. Let m = k - -95. What is the highest common factor of m and 77?
11
Let i be (-1)/((-1)/15)*138/46. Calculate the greatest common factor of 9 and i.
9
Suppose -12*v + 77 + 307 = 0. Calculate the greatest common factor of 16 and v.
16
Let i = -906 - -951. Calculate the highest common divisor of i and 60.
15
Let b(m) = -14 + 9*m**2 - 3*m**3 - 2*m + m + 4*m**3 + 5*m. Let y be b(-8). Suppose 4*t - 2 = y. Calculate the greatest common factor of 10 and t.
5
Let v(r) = 3*r - 1. Let b be v(3). Let p(q) = 14*q + 9. Let t be p(b). Let a = -86 - -97. Calculate the greatest common divisor of a and t.
11
Let l(i) = -i**2 - 32*i - 74. Let f be l(-28). What is the greatest common divisor of 418 and f?
38
Let h(w) = -2*w**2 + 2*w + 6. Let o be h(-3). Let n be 280/126 - (-4)/o. What is the greatest common factor of 6 and n?
2
Let a(x) = 2*x - 8*x + 8*x**2 - 2 - x**3 + 4*x**2 - 5*x. Let g be a(10). Calculate the greatest common divisor of g and 11.
11
Let i be 2330/65 + (-4)/(-26). Suppose -i = x - 7*x. Calculate the greatest common divisor of x and 66.
6
Let s(o) be the first derivative of -7*o**2/2 - 11*o + 16. Let d be s(-7). Calculate the greatest common factor of d and 19.
19
Let i(m) = m**3 + m**2 + m - 1. Let a be i(1). Suppose 0 = 4*q - 9*q - 25. Let z be q/a*4/(-2). What is the highest common factor of 25 a